{"id":1443,"date":"2020-12-30T22:29:26","date_gmt":"2020-12-30T21:29:26","guid":{"rendered":"https:\/\/babyslane.com\/produit\/pu-mother-and-baby-bags\/"},"modified":"2024-08-01T18:22:57","modified_gmt":"2024-08-01T16:22:57","slug":"pu-mother-and-baby-bags","status":"publish","type":"product","link":"https:\/\/babyslane.com\/fr\/produit\/pu-mother-and-baby-bags\/","title":{"rendered":"SAC A DOS A LANGER EN CUIR SYNTHETIQUE VEGAN + ACCESSOIRES BEBE"},"content":{"rendered":"<p>Un indispensable pour les mamans classes et branch\u00e9s qui recherche un sac multifonctions tout en gardant un look \u00e9l\u00e9gant.<\/p>\n<p>Un sac \u00e0 langer chic, classe et pratique \u00e0 emporter pour <strong>toutes vos sorties<\/strong> avec b\u00e9b\u00e9 <strong>et m\u00eame les occasions les plus sp\u00e9ciales<\/strong>. Il s&#8217;accordera avec toutes vos tenues.<\/p>\n<p>Pour une fois que l&#8217;utilit\u00e9 s&#8217;allie si bien avec l&#8217;\u00e9l\u00e9gance, vous ne devrez pas vous en priver !<\/p>\n<p style=\"text-align: center;\"><img loading=\"lazy\" decoding=\"async\" class=\"\" src=\"https:\/\/babyslane.com\/wp-content\/uploads\/2021\/02\/Sac-a-langer-en-cuir-avec-sac-accessoires-3-1024x819.jpg\" width=\"600\" height=\"480\" \/><\/p>\n<p class=\"p1\"><strong><span class=\"s1\">Grande capacit\u00e9.<\/span><\/strong><\/p>\n<p>Le sac \u00e0 langer \u00e0 \u00e9tait con\u00e7u dans le but de contenir tout le n\u00e9cessaire au bien-\u00eatre de b\u00e9b\u00e9. Gr\u00e2ce \u00e0 sa <strong>grande capacit\u00e9 de stockage<\/strong> (30 litres) il accueillera facilement toutes les affaires dont vous aurez besoin!<\/p>\n<p><strong>Fonctionnel,<\/strong> il contient une multitude de poches et de compartiments pour vous assurez une <strong>organisation simple et efficace.<\/strong><\/p>\n<p style=\"text-align: center;\"><img loading=\"lazy\" decoding=\"async\" class=\"\" src=\"https:\/\/babyslane.com\/wp-content\/uploads\/2021\/02\/Sac-a-langer-en-cuir-avec-accessoires-1-3-1024x819.jpg\" width=\"601\" height=\"480\" \/><\/p>\n<p><strong>Efficace et fonctionnel.<\/strong><\/p>\n<p>Lors de vos longues promenades avec b\u00e9b\u00e9 vous n&#8217;aurez plus \u00e0 vous soucier de la temp\u00e9rature du biberon car vous trouverez dans le sac \u00e0 langer des <strong>poches isothermes<\/strong> qui peuvent maintenir jusqu&#8217;\u00e0 4 heures la chaleur du biberon de b\u00e9b\u00e9. Il se porte aussi bien sur le dos que suspendu \u00e0 votre poussette gr\u00e2ce aux attaches de suspension, comprises avec celui-ci.<\/p>\n<p style=\"text-align: center;\"><img loading=\"lazy\" decoding=\"async\" class=\"\" src=\"https:\/\/babyslane.com\/wp-content\/uploads\/2021\/02\/Sac-a-langer-en-cuir-avec-accessoires-2.jpg\" width=\"600\" height=\"480\" \/><\/p>\n<ul>\n<li>Style classe et \u00e9l\u00e9gant<\/li>\n<li>Cuir synth\u00e9tique de qualit\u00e9 premium<\/li>\n<li>Poches \u00e0 biberons isothermes<\/li>\n<li>Mat\u00e9riaux de haute qualit\u00e9<\/li>\n<li>Se suspend \u00e0 la poussette<\/li>\n<\/ul>\n<div class=\"product__reviews--widget\">\n<p class=\"p1\"><strong><span class=\"s1\">Classe et \u00e9l\u00e9gante.<\/span><\/strong><\/p>\n<p class=\"p1\">Un mod\u00e8le \u00e0 la mode, pratique et bien pens\u00e9 pour une utilisation quotidienne avec son format adapt\u00e9. Ce sac \u00e0 langer qui ne manque pas d&#8217;\u00e9l\u00e9gance vous accompagnera partout. Avec lui transportez tout le n\u00e9cessaire au bien-\u00eatre de votre b\u00e9b\u00e9. Un style qui ira \u00e0 toutes les mamans qui veulent se sentir classe au quotidien.<\/p>\n<p style=\"text-align: center;\"><img loading=\"lazy\" decoding=\"async\" class=\"\" src=\"https:\/\/babyslane.com\/wp-content\/uploads\/2021\/02\/Sac-a-langer-en-cuir-avec-accessoires-1-1-1024x819.jpg\" width=\"601\" height=\"481\" \/><\/p>\n<p class=\"p1\"><strong><span class=\"s1\">Conception solide.<\/span><\/strong><\/p>\n<p class=\"p1\">Qualit\u00e9 et finitions d&#8217;exception, ce sac\u00a0 \u00e0 langer est con\u00e7u pour durer dans le temps. Il est muni de <strong>bretelles larges,<\/strong> rembourr\u00e9es et <strong>ajustables<\/strong> pour une meilleure r\u00e9partition du poids et un plus <strong>grand confort.<br \/>\nProfitez de sa conception <strong>100% imperm\u00e9able<\/strong>, rendant sa robustesse d&#8217;autant plus grande.<\/strong><\/p>\n<p style=\"text-align: center;\"><strong>N&#8217;attendez plus, craquez!<br \/>\n<\/strong><\/p>\n<\/div>\n<p><img loading=\"lazy\" decoding=\"async\" class=\"aligncenter\" src=\"https:\/\/babyslane.com\/wp-content\/uploads\/2021\/02\/Sac-a-langer-en-cuir-avec-sac-accessoires-4-1024x819.jpg\" width=\"600\" height=\"480\" \/><\/p>\n<p>Contenu et caract\u00e9ristiques.<\/p>\n<div class=\"product__reviews--widget\">\n<p class=\"p1\">Le sac \u00e0 langer contiens des accessoires indispensable \u00e0 la bonne organisation.<\/p>\n<div class=\"table-wrapper\">\n<table width=\"100%\">\n<tbody>\n<tr>\n<td>1x Sac \u00e0 langer<\/td>\n<\/tr>\n<tr>\n<td>2x Sangles de poussette<\/td>\n<\/tr>\n<tr>\n<td>1x Matelas \u00e0 langer<\/td>\n<\/tr>\n<tr>\n<td>1x Bandouli\u00e8re<\/td>\n<\/tr>\n<tr>\n<td>1x\u00a0\u00c9tui\u00a0\u00e0 biberon isotherme<\/td>\n<\/tr>\n<tr>\n<td>1x Pochette de rangement pour couche<\/td>\n<\/tr>\n<\/tbody>\n<\/table>\n<\/div>\n<\/div>\n<p>Taille: 40 x30x15cm<\/p>","protected":false},"excerpt":{"rendered":"<p><strong>El\u00e9gant, confortable et pratique, c&#8217;est le sac \u00e0 langer indispensable des mamans chics et branch\u00e9es.<br \/>\n<\/strong><\/p>\n<p>Ce sac en <strong>cuir synth\u00e9tique de qualit\u00e9 premium fait craqu\u00e9 par son cot\u00e9 classe et utile.<br \/>\n<\/strong><\/p>\n","protected":false},"featured_media":4911,"comment_status":"open","ping_status":"closed","template":"","meta":[],"product_brand":[],"product_cat":[36,43,41,35],"product_tag":[],"class_list":{"0":"post-1443","1":"product","2":"type-product","3":"status-publish","4":"has-post-thumbnail","6":"product_cat-promotions","7":"product_cat-diaper-bags","8":"product_cat-the-best-deals","9":"product_cat-outing-travel","11":"first","12":"outofstock","13":"sale","14":"shipping-taxable","15":"purchasable","16":"product-type-variable"},"_links":{"self":[{"href":"https:\/\/babyslane.com\/fr\/wp-json\/wp\/v2\/product\/1443","targetHints":{"allow":["GET"]}}],"collection":[{"href":"https:\/\/babyslane.com\/fr\/wp-json\/wp\/v2\/product"}],"about":[{"href":"https:\/\/babyslane.com\/fr\/wp-json\/wp\/v2\/types\/product"}],"replies":[{"embeddable":true,"href":"https:\/\/babyslane.com\/fr\/wp-json\/wp\/v2\/comments?post=1443"}],"version-history":[{"count":1,"href":"https:\/\/babyslane.com\/fr\/wp-json\/wp\/v2\/product\/1443\/revisions"}],"predecessor-version":[{"id":7930,"href":"https:\/\/babyslane.com\/fr\/wp-json\/wp\/v2\/product\/1443\/revisions\/7930"}],"wp:featuredmedia":[{"embeddable":true,"href":"https:\/\/babyslane.com\/fr\/wp-json\/wp\/v2\/media\/4911"}],"wp:attachment":[{"href":"https:\/\/babyslane.com\/fr\/wp-json\/wp\/v2\/media?parent=1443"}],"wp:term":[{"taxonomy":"product_brand","embeddable":true,"href":"https:\/\/babyslane.com\/fr\/wp-json\/wp\/v2\/product_brand?post=1443"},{"taxonomy":"product_cat","embeddable":true,"href":"https:\/\/babyslane.com\/fr\/wp-json\/wp\/v2\/product_cat?post=1443"},{"taxonomy":"product_tag","embeddable":true,"href":"https:\/\/babyslane.com\/fr\/wp-json\/wp\/v2\/product_tag?post=1443"}],"curies":[{"name":"wp","href":"https:\/\/api.w.org\/{rel}","templated":true}]}}

<p>Un indispensable pour les mamans classes et branchés qui recherche un sac multifonctions tout en gardant un look élégant.</p>
<p>Un sac à langer chic, classe et pratique à emporter pour <strong>toutes vos sorties</strong> avec bébé <strong>et même les occasions les plus spéciales</strong>. Il s&#8217;accordera avec toutes vos tenues.</p>
<p>Pour une fois que l&#8217;utilité s&#8217;allie si bien avec l&#8217;élégance, vous ne devrez pas vous en priver !</p>
<p style="text-align: center;"><img loading="lazy" decoding="async" class="" src="https://babyslane.com/wp-content/uploads/2021/02/Sac-a-langer-en-cuir-avec-sac-accessoires-3-1024x819.jpg" width="600" height="480" /></p>
<p class="p1"><strong><span class="s1">Grande capacité.</span></strong></p>
<p>Le sac à langer à était conçu dans le but de contenir tout le nécessaire au bien-être de bébé. Grâce à sa <strong>grande capacité de stockage</strong> (30 litres) il accueillera facilement toutes les affaires dont vous aurez besoin!</p>
<p><strong>Fonctionnel,</strong> il contient une multitude de poches et de compartiments pour vous assurez une <strong>organisation simple et efficace.</strong></p>
<p style="text-align: center;"><img loading="lazy" decoding="async" class="" src="https://babyslane.com/wp-content/uploads/2021/02/Sac-a-langer-en-cuir-avec-accessoires-1-3-1024x819.jpg" width="601" height="480" /></p>
<p><strong>Efficace et fonctionnel.</strong></p>
<p>Lors de vos longues promenades avec bébé vous n&#8217;aurez plus à vous soucier de la température du biberon car vous trouverez dans le sac à langer des <strong>poches isothermes</strong> qui peuvent maintenir jusqu&#8217;à 4 heures la chaleur du biberon de bébé. Il se porte aussi bien sur le dos que suspendu à votre poussette grâce aux attaches de suspension, comprises avec celui-ci.</p>
<p style="text-align: center;"><img loading="lazy" decoding="async" class="" src="https://babyslane.com/wp-content/uploads/2021/02/Sac-a-langer-en-cuir-avec-accessoires-2.jpg" width="600" height="480" /></p>
<ul>
<li>Style classe et élégant</li>
<li>Cuir synthétique de qualité premium</li>
<li>Poches à biberons isothermes</li>
<li>Matériaux de haute qualité</li>
<li>Se suspend à la poussette</li>
</ul>
<div class="product__reviews--widget">
<p class="p1"><strong><span class="s1">Classe et élégante.</span></strong></p>
<p class="p1">Un modèle à la mode, pratique et bien pensé pour une utilisation quotidienne avec son format adapté. Ce sac à langer qui ne manque pas d&#8217;élégance vous accompagnera partout. Avec lui transportez tout le nécessaire au bien-être de votre bébé. Un style qui ira à toutes les mamans qui veulent se sentir classe au quotidien.</p>
<p style="text-align: center;"><img loading="lazy" decoding="async" class="" src="https://babyslane.com/wp-content/uploads/2021/02/Sac-a-langer-en-cuir-avec-accessoires-1-1-1024x819.jpg" width="601" height="481" /></p>
<p class="p1"><strong><span class="s1">Conception solide.</span></strong></p>
<p class="p1">Qualité et finitions d&#8217;exception, ce sac  à langer est conçu pour durer dans le temps. Il est muni de <strong>bretelles larges,</strong> rembourrées et <strong>ajustables</strong> pour une meilleure répartition du poids et un plus <strong>grand confort.<br />
Profitez de sa conception <strong>100% imperméable</strong>, rendant sa robustesse d&#8217;autant plus grande.</strong></p>
<p style="text-align: center;"><strong>N&#8217;attendez plus, craquez!<br />
</strong></p>
</div>
<p><img loading="lazy" decoding="async" class="aligncenter" src="https://babyslane.com/wp-content/uploads/2021/02/Sac-a-langer-en-cuir-avec-sac-accessoires-4-1024x819.jpg" width="600" height="480" /></p>
<p>Contenu et caractéristiques.</p>
<div class="product__reviews--widget">
<p class="p1">Le sac à langer contiens des accessoires indispensable à la bonne organisation.</p>
<div class="table-wrapper">
<table width="100%">
<tbody>
<tr>
<td>1x Sac à langer</td>
</tr>
<tr>
<td>2x Sangles de poussette</td>
</tr>
<tr>
<td>1x Matelas à langer</td>
</tr>
<tr>
<td>1x Bandoulière</td>
</tr>
<tr>
<td>1x Étui à biberon isotherme</td>
</tr>
<tr>
<td>1x Pochette de rangement pour couche</td>
</tr>
</tbody>
</table>
</div>
</div>
<p>Taille: 40 x30x15cm</p>

<p><strong>Elégant, confortable et pratique, c&#8217;est le sac à langer indispensable des mamans chics et branchées.<br />
</strong></p>
<p>Ce sac en <strong>cuir synthétique de qualité premium fait craqué par son coté classe et utile.<br />
</strong></p>
